{"id":15,"date":"2020-12-07T18:50:45","date_gmt":"2020-12-07T17:50:45","guid":{"rendered":"https:\/\/fsyc.org\/coopera\/?page_id=15"},"modified":"2020-12-29T10:19:46","modified_gmt":"2020-12-29T09:19:46","slug":"home","status":"publish","type":"page","link":"https:\/\/fsyc.org\/coopera\/","title":{"rendered":"FSC &#8211; Cooperaci\u00f3 i Sensibilitzaci\u00f3. Promovent l\u2019equitat i just\u00edcia global"},"content":{"rendered":"<p><div class=\"fusion-fullwidth fullwidth-box fusion-builder-row-1 fusion-flex-container nonhundred-percent-fullwidth non-hundred-percent-height-scrolling\" style=\"--awb-border-radius-top-left:0px;--awb-border-radius-top-right:0px;--awb-border-radius-bottom-right:0px;--awb-border-radius-bottom-left:0px;--awb-flex-wrap:wrap;\" ><div class=\"fusion-builder-row fusion-row fusion-flex-align-items-flex-start fusion-flex-content-wrap\" style=\"max-width:1248px;margin-left: calc(-4% \/ 2 );margin-right: calc(-4% \/ 2 );\"><div class=\"fusion-layout-column fusion_builder_column fusion-builder-column-0 fusion_builder_column_1_1 1_1 fusion-flex-column\" style=\"--awb-bg-size:cover;--awb-width-large:100%;--awb-margin-top-large:0px;--awb-spacing-right-large:1.92%;--awb-margin-bottom-large:20px;--awb-spacing-left-large:1.92%;--awb-width-medium:100%;--awb-order-medium:0;--awb-spacing-right-medium:1.92%;--awb-spacing-left-medium:1.92%;--awb-width-small:100%;--awb-order-small:0;--awb-spacing-right-small:1.92%;--awb-spacing-left-small:1.92%;\"><div class=\"fusion-column-wrapper fusion-column-has-shadow fusion-flex-justify-content-flex-start fusion-content-layout-column\"><div class=\"fusion-text fusion-text-1\"><h1>Qu\u00e8 fem\u00a0?<\/h1>\n<\/div><div class=\"fusion-text fusion-text-2\"><p>Des de la Fundaci\u00f3 Salut i Comunitat comptem amb una llarga traject\u00f2ria en l\u2019\u00e0mbit de la Cooperaci\u00f3 Internacional en mat\u00e8ria de viol\u00e8ncies de g\u00e8nere i drets sexuals i reproductius, especialment al continent afric\u00e0. Des d\u2019un enfoc de G\u00e8nere i Drets Humans, assumim un comprom\u00eds amb l\u2019equitat i la just\u00edcia global.<\/p>\n<\/div><\/div><\/div><\/div><\/div><div class=\"fusion-fullwidth fullwidth-box fusion-builder-row-2 fusion-flex-container nonhundred-percent-fullwidth non-hundred-percent-height-scrolling\" style=\"--awb-border-radius-top-left:0px;--awb-border-radius-top-right:0px;--awb-border-radius-bottom-right:0px;--awb-border-radius-bottom-left:0px;--awb-flex-wrap:wrap;\" ><div class=\"fusion-builder-row fusion-row fusion-flex-align-items-flex-start fusion-flex-content-wrap\" style=\"max-width:1248px;margin-left: calc(-4% \/ 2 );margin-right: calc(-4% \/ 2 );\"><div class=\"fusion-layout-column fusion_builder_column fusion-builder-column-1 fusion_builder_column_1_2 1_2 fusion-flex-column\" style=\"--awb-bg-size:cover;--awb-width-large:50%;--awb-margin-top-large:0px;--awb-spacing-right-large:3.84%;--awb-margin-bottom-large:20px;--awb-spacing-left-large:3.84%;--awb-width-medium:50%;--awb-order-medium:0;--awb-spacing-right-medium:3.84%;--awb-spacing-left-medium:3.84%;--awb-width-small:100%;--awb-order-small:0;--awb-spacing-right-small:1.92%;--awb-spacing-left-small:1.92%;\"><div class=\"fusion-column-wrapper fusion-column-has-shadow fusion-flex-justify-content-flex-start fusion-content-layout-column\"><div class=\"fusion-text fusion-text-3 fondo-naranja texto-blanco padding-top-25\"><h2 style=\"text-align: center;\">Cooperaci\u00f3<\/h2>\n<\/div><div class=\"fusion-section-separator section-separator triangle fusion-section-separator-1\" style=\"--awb-border-bottom:1px solid #e26134;--awb-spacer-height:1px;--awb-svg-margin-left:3.84%;--awb-svg-margin-right:3.84%;--awb-svg-margin-left-medium:3.84%;--awb-svg-margin-right-medium:3.84%;--awb-svg-margin-left-small:1.92%;--awb-svg-margin-right-small:1.92%;--awb-icon-color:#ffffff;\"><div class=\"fusion-section-separator-svg\"><div class=\"divider-candy-arrow bottom\" style=\"top:0px;border-top-color: #e26134;\"><\/div><div class=\"divider-candy bottom\" style=\"bottom:-21px;border-bottom:1px solid #e26134;border-left:1px solid #e26134;\"><\/div><\/div><div class=\"fusion-section-separator-spacer\"><div class=\"fusion-section-separator-spacer-height\"><\/div><\/div><\/div><div class=\"fusion-separator fusion-full-width-sep\" style=\"align-self: center;margin-left: auto;margin-right: auto;margin-top:30px;width:100%;\"><\/div><div class=\"fusion-text fusion-text-4\"><h3>Qu\u00e8 \u00e9s ?<\/h3>\n<p>Projecte comunitari liderat per 5 dones joves de 5 comunitats de la perif\u00e8ria de Dakar, Senegal, on s\u2019impulsaran Plans Comunitaris contra les Viol\u00e8ncies de G\u00e8nere i pels Drets Sexuals i Reproductius, amb el suport de les autoritats pol\u00edtiques i religioses locals. L\u2019objectiu \u00e9s promoure el lideratge femen\u00ed en la presa de decisions comunit\u00e0ries, en favor d\u2019una societat m\u00e9s justa i equitativa. El projecte s\u2019inscriu en la promoci\u00f3 i defensa dels drets humans i l\u2019equitat de g\u00e8nere en el marc dels Objectius de Desenvolupament Sostenible (ODS).<\/p>\n<h3>Contrapart local<\/h3>\n<p>Joves Units per la Democr\u00e0cia, el Lideratge i el G\u00e8nere, JEUNEDEV.<\/p>\n<h3>Finan\u00e7ador<\/h3>\n<p>Ajuntament de Terrassa.<\/p>\n<h3>Saber-ne m\u00e9s<\/h3>\n<p><a href=\"https:\/\/www.fsyc.org\/proyectos\/intervencion-comunitaria-en-torno-a-los-derechos-sexuales-reproductivos-y-las-violencias-de-genero-en-dakar-senegal\/\" target=\"_blank\" rel=\"noopener noreferrer\">Informaci\u00f3 del projecte a www.fsyc.org<\/a><\/p>\n<\/div><div ><a class=\"fusion-button button-flat fusion-button-default-size button-default fusion-button-default button-1 fusion-button-default-span fusion-button-default-type\" target=\"_self\" href=\"https:\/\/fsyc.org\/coopera\/cooperacio\/\"><span class=\"fusion-button-text\">Segueix tota l\u2019evoluci\u00f3 del projecte de COOPERACI\u00d3 pas a pas<\/span><\/a><\/div><\/div><\/div><div class=\"fusion-layout-column fusion_builder_column fusion-builder-column-2 fusion_builder_column_1_2 1_2 fusion-flex-column\" style=\"--awb-bg-size:cover;--awb-width-large:50%;--awb-margin-top-large:0px;--awb-spacing-right-large:3.84%;--awb-margin-bottom-large:20px;--awb-spacing-left-large:3.84%;--awb-width-medium:50%;--awb-order-medium:0;--awb-spacing-right-medium:3.84%;--awb-spacing-left-medium:3.84%;--awb-width-small:100%;--awb-order-small:0;--awb-spacing-right-small:1.92%;--awb-spacing-left-small:1.92%;\"><div class=\"fusion-column-wrapper fusion-column-has-shadow fusion-flex-justify-content-flex-start fusion-content-layout-column\"><div class=\"fusion-text fusion-text-5 fondo-rojo texto-blanco padding-top-25\"><h2 style=\"text-align: center;\">Sensibilitzaci\u00f3<\/h2>\n<\/div><div class=\"fusion-section-separator section-separator triangle fusion-section-separator-2\" style=\"--awb-border-bottom:1px solid #dd4242;--awb-spacer-height:1px;--awb-svg-margin-left:3.84%;--awb-svg-margin-right:3.84%;--awb-svg-margin-left-medium:3.84%;--awb-svg-margin-right-medium:3.84%;--awb-svg-margin-left-small:1.92%;--awb-svg-margin-right-small:1.92%;--awb-icon-color:#ffffff;\"><div class=\"fusion-section-separator-svg\"><div class=\"divider-candy-arrow bottom\" style=\"top:0px;border-top-color: #dd4242;\"><\/div><div class=\"divider-candy bottom\" style=\"bottom:-21px;border-bottom:1px solid #dd4242;border-left:1px solid #dd4242;\"><\/div><\/div><div class=\"fusion-section-separator-spacer\"><div class=\"fusion-section-separator-spacer-height\"><\/div><\/div><\/div><div class=\"fusion-separator fusion-full-width-sep\" style=\"align-self: center;margin-left: auto;margin-right: auto;margin-top:30px;width:100%;\"><\/div><div class=\"fusion-text fusion-text-6\"><h3>Qu\u00e8 es?<\/h3>\n<p>Accions\u00a0d\u2019Educaci\u00f3 per al Desenvolupament (EpD), sensibilitzaci\u00f3 i incid\u00e8ncia pol\u00edtica l\u2019objectiu del qual \u00e9s sensibilitzar la poblaci\u00f3 general al voltant de les viol\u00e8ncies i resist\u00e8ncies que marquen les vides de les dones dels Departaments de Pikine i Gu\u00e9diawaye (perif\u00e8ria de Dakar, Senegal).<\/p>\n<h3>Finan\u00e7ador<\/h3>\n<p>Ajuntament de Terrassa.<\/p>\n<h3>Saber-ne m\u00e9s<\/h3>\n<p><a href=\"https:\/\/www.fsyc.org\/proyectos\/programa-de-sensibilizacion-en-torno-a-las-violencias-contra-las-mujeres-en-senegal\/\" target=\"_blank\" rel=\"noopener noreferrer\">Informaci\u00f3 del projecte a www.fsyc.org<\/a><\/p>\n<\/div><div ><a class=\"fusion-button button-flat fusion-button-default-size button-default fusion-button-default button-2 fusion-button-default-span fusion-button-default-type\" target=\"_self\" href=\"https:\/\/fsyc.org\/coopera\/sensibilitzacio\/\"><span class=\"fusion-button-text\">Segueix tota l\u2019evoluci\u00f3 del projecte de SENSIBILITZACI\u00d3 pas a pas<\/span><\/a><\/div><\/div><\/div><\/div><\/div><\/p>\n","protected":false},"excerpt":{"rendered":"","protected":false},"author":1,"featured_media":0,"parent":0,"menu_order":0,"comment_status":"closed","ping_status":"closed","template":"","meta":{"footnotes":""},"yoast_head":"<!-- This site is optimized with the Yoast SEO plugin v24.5 - https:\/\/yoast.com\/wordpress\/plugins\/seo\/ -->\n<title>FSC - Cooperaci\u00f3 i Sensibilitzaci\u00f3. Promovent l\u2019equitat i just\u00edcia global<\/title>\n<meta name=\"description\" content=\"Des de la Fundaci\u00f3 Salut i Comunitat comptem amb una llarga traject\u00f2ria en l\u2019\u00e0mbit de la Cooperaci\u00f3 Internacional en mat\u00e8ria de viol\u00e8ncies de g\u00e8nere i drets sexuals i reproductius, especialment al continent afric\u00e0. Des d\u2019un enfoc de G\u00e8nere i Drets Humans, assumim un comprom\u00eds amb l\u2019equitat i la just\u00edcia global.\" \/>\n<meta name=\"robots\" content=\"index, follow, max-snippet:-1, max-image-preview:large, max-video-preview:-1\" \/>\n<link rel=\"canonical\" href=\"https:\/\/fsyc.org\/coopera\/\" \/>\n<meta property=\"og:locale\" content=\"ca_ES\" \/>\n<meta property=\"og:type\" content=\"article\" \/>\n<meta property=\"og:title\" content=\"FSC - Cooperaci\u00f3 i Sensibilitzaci\u00f3. Promovent l\u2019equitat i just\u00edcia global\" \/>\n<meta property=\"og:description\" content=\"Des de la Fundaci\u00f3 Salut i Comunitat comptem amb una llarga traject\u00f2ria en l\u2019\u00e0mbit de la Cooperaci\u00f3 Internacional en mat\u00e8ria de viol\u00e8ncies de g\u00e8nere i drets sexuals i reproductius, especialment al continent afric\u00e0. Des d\u2019un enfoc de G\u00e8nere i Drets Humans, assumim un comprom\u00eds amb l\u2019equitat i la just\u00edcia global.\" \/>\n<meta property=\"og:url\" content=\"https:\/\/fsyc.org\/coopera\/\" \/>\n<meta property=\"og:site_name\" content=\"Cooperaci\u00f3 i Sensibilitzaci\u00f3. Promovent l\u2019equitat i just\u00edcia global\" \/>\n<meta property=\"article:publisher\" content=\"https:\/\/www.facebook.com\/fundsalcom\" \/>\n<meta property=\"article:modified_time\" content=\"2020-12-29T09:19:46+00:00\" \/>\n<meta property=\"og:image\" content=\"https:\/\/fsyc.org\/coopera\/wp-content\/uploads\/2020\/12\/coopera-default.jpg\" \/>\n\t<meta property=\"og:image:width\" content=\"1200\" \/>\n\t<meta property=\"og:image:height\" content=\"630\" \/>\n\t<meta property=\"og:image:type\" content=\"image\/jpeg\" \/>\n<meta name=\"twitter:card\" content=\"summary_large_image\" \/>\n<meta name=\"twitter:site\" content=\"@fundsalcom\" \/>\n<meta name=\"twitter:label1\" content=\"Temps estimat de lectura\" \/>\n\t<meta name=\"twitter:data1\" content=\"11 minuts\" \/>\n<script type=\"application\/ld+json\" class=\"yoast-schema-graph\">{\"@context\":\"https:\/\/schema.org\",\"@graph\":[{\"@type\":\"WebPage\",\"@id\":\"https:\/\/fsyc.org\/coopera\/\",\"url\":\"https:\/\/fsyc.org\/coopera\/\",\"name\":\"FSC - Cooperaci\u00f3 i Sensibilitzaci\u00f3. Promovent l\u2019equitat i just\u00edcia global\",\"isPartOf\":{\"@id\":\"https:\/\/fsyc.org\/coopera\/#website\"},\"datePublished\":\"2020-12-07T17:50:45+00:00\",\"dateModified\":\"2020-12-29T09:19:46+00:00\",\"description\":\"Des de la Fundaci\u00f3 Salut i Comunitat comptem amb una llarga traject\u00f2ria en l\u2019\u00e0mbit de la Cooperaci\u00f3 Internacional en mat\u00e8ria de viol\u00e8ncies de g\u00e8nere i drets sexuals i reproductius, especialment al continent afric\u00e0. Des d\u2019un enfoc de G\u00e8nere i Drets Humans, assumim un comprom\u00eds amb l\u2019equitat i la just\u00edcia global.\",\"breadcrumb\":{\"@id\":\"https:\/\/fsyc.org\/coopera\/#breadcrumb\"},\"inLanguage\":\"ca\",\"potentialAction\":[{\"@type\":\"ReadAction\",\"target\":[\"https:\/\/fsyc.org\/coopera\/\"]}]},{\"@type\":\"BreadcrumbList\",\"@id\":\"https:\/\/fsyc.org\/coopera\/#breadcrumb\",\"itemListElement\":[{\"@type\":\"ListItem\",\"position\":1,\"name\":\"Inici\",\"item\":\"https:\/\/fsyc.org\/coopera\/\"},{\"@type\":\"ListItem\",\"position\":2,\"name\":\"FSC &#8211; Cooperaci\u00f3 i Sensibilitzaci\u00f3. Promovent l\u2019equitat i just\u00edcia global\"}]},{\"@type\":\"WebSite\",\"@id\":\"https:\/\/fsyc.org\/coopera\/#website\",\"url\":\"https:\/\/fsyc.org\/coopera\/\",\"name\":\"Cooperaci\u00f3 i Sensibilitzaci\u00f3. Promovent l\u2019equitat i just\u00edcia global\",\"description\":\"Des de la Fundaci\u00f3 Salut i Comunitat comptem amb una llarga traject\u00f2ria en l\u2019\u00e0mbit de la Cooperaci\u00f3 Internacional en mat\u00e8ria de viol\u00e8ncies de g\u00e8nere i drets sexuals i reproductius, especialment al continent afric\u00e0. Des d\u2019un enfoc de G\u00e8nere i Drets Humans, assumim un comprom\u00eds amb l\u2019equitat i la just\u00edcia global.\",\"publisher\":{\"@id\":\"https:\/\/fsyc.org\/coopera\/#organization\"},\"potentialAction\":[{\"@type\":\"SearchAction\",\"target\":{\"@type\":\"EntryPoint\",\"urlTemplate\":\"https:\/\/fsyc.org\/coopera\/?s={search_term_string}\"},\"query-input\":{\"@type\":\"PropertyValueSpecification\",\"valueRequired\":true,\"valueName\":\"search_term_string\"}}],\"inLanguage\":\"ca\"},{\"@type\":\"Organization\",\"@id\":\"https:\/\/fsyc.org\/coopera\/#organization\",\"name\":\"Fundaci\u00f3 Salut i Comunitat\",\"url\":\"https:\/\/fsyc.org\/coopera\/\",\"logo\":{\"@type\":\"ImageObject\",\"inLanguage\":\"ca\",\"@id\":\"https:\/\/fsyc.org\/coopera\/#\/schema\/logo\/image\/\",\"url\":\"https:\/\/fsyc.org\/coopera\/wp-content\/uploads\/2020\/12\/logo-fsc-nweb-cast-01.png\",\"contentUrl\":\"https:\/\/fsyc.org\/coopera\/wp-content\/uploads\/2020\/12\/logo-fsc-nweb-cast-01.png\",\"width\":534,\"height\":279,\"caption\":\"Fundaci\u00f3 Salut i Comunitat\"},\"image\":{\"@id\":\"https:\/\/fsyc.org\/coopera\/#\/schema\/logo\/image\/\"},\"sameAs\":[\"https:\/\/www.facebook.com\/fundsalcom\",\"https:\/\/x.com\/fundsalcom\",\"https:\/\/www.instagram.com\/fundsalcom\/\",\"https:\/\/www.linkedin.com\/company\/fundacion-salud-y-comunidad\/\",\"https:\/\/www.youtube.com\/user\/fsyc\"]}]}<\/script>\n<!-- \/ Yoast SEO plugin. -->","yoast_head_json":{"title":"FSC - Cooperaci\u00f3 i Sensibilitzaci\u00f3. Promovent l\u2019equitat i just\u00edcia global","description":"Des de la Fundaci\u00f3 Salut i Comunitat comptem amb una llarga traject\u00f2ria en l\u2019\u00e0mbit de la Cooperaci\u00f3 Internacional en mat\u00e8ria de viol\u00e8ncies de g\u00e8nere i drets sexuals i reproductius, especialment al continent afric\u00e0. Des d\u2019un enfoc de G\u00e8nere i Drets Humans, assumim un comprom\u00eds amb l\u2019equitat i la just\u00edcia global.","robots":{"index":"index","follow":"follow","max-snippet":"max-snippet:-1","max-image-preview":"max-image-preview:large","max-video-preview":"max-video-preview:-1"},"canonical":"https:\/\/fsyc.org\/coopera\/","og_locale":"ca_ES","og_type":"article","og_title":"FSC - Cooperaci\u00f3 i Sensibilitzaci\u00f3. Promovent l\u2019equitat i just\u00edcia global","og_description":"Des de la Fundaci\u00f3 Salut i Comunitat comptem amb una llarga traject\u00f2ria en l\u2019\u00e0mbit de la Cooperaci\u00f3 Internacional en mat\u00e8ria de viol\u00e8ncies de g\u00e8nere i drets sexuals i reproductius, especialment al continent afric\u00e0. Des d\u2019un enfoc de G\u00e8nere i Drets Humans, assumim un comprom\u00eds amb l\u2019equitat i la just\u00edcia global.","og_url":"https:\/\/fsyc.org\/coopera\/","og_site_name":"Cooperaci\u00f3 i Sensibilitzaci\u00f3. Promovent l\u2019equitat i just\u00edcia global","article_publisher":"https:\/\/www.facebook.com\/fundsalcom","article_modified_time":"2020-12-29T09:19:46+00:00","og_image":[{"width":1200,"height":630,"url":"https:\/\/fsyc.org\/coopera\/wp-content\/uploads\/2020\/12\/coopera-default.jpg","type":"image\/jpeg"}],"twitter_card":"summary_large_image","twitter_site":"@fundsalcom","twitter_misc":{"Temps estimat de lectura":"11 minuts"},"schema":{"@context":"https:\/\/schema.org","@graph":[{"@type":"WebPage","@id":"https:\/\/fsyc.org\/coopera\/","url":"https:\/\/fsyc.org\/coopera\/","name":"FSC - Cooperaci\u00f3 i Sensibilitzaci\u00f3. Promovent l\u2019equitat i just\u00edcia global","isPartOf":{"@id":"https:\/\/fsyc.org\/coopera\/#website"},"datePublished":"2020-12-07T17:50:45+00:00","dateModified":"2020-12-29T09:19:46+00:00","description":"Des de la Fundaci\u00f3 Salut i Comunitat comptem amb una llarga traject\u00f2ria en l\u2019\u00e0mbit de la Cooperaci\u00f3 Internacional en mat\u00e8ria de viol\u00e8ncies de g\u00e8nere i drets sexuals i reproductius, especialment al continent afric\u00e0. Des d\u2019un enfoc de G\u00e8nere i Drets Humans, assumim un comprom\u00eds amb l\u2019equitat i la just\u00edcia global.","breadcrumb":{"@id":"https:\/\/fsyc.org\/coopera\/#breadcrumb"},"inLanguage":"ca","potentialAction":[{"@type":"ReadAction","target":["https:\/\/fsyc.org\/coopera\/"]}]},{"@type":"BreadcrumbList","@id":"https:\/\/fsyc.org\/coopera\/#breadcrumb","itemListElement":[{"@type":"ListItem","position":1,"name":"Inici","item":"https:\/\/fsyc.org\/coopera\/"},{"@type":"ListItem","position":2,"name":"FSC &#8211; Cooperaci\u00f3 i Sensibilitzaci\u00f3. Promovent l\u2019equitat i just\u00edcia global"}]},{"@type":"WebSite","@id":"https:\/\/fsyc.org\/coopera\/#website","url":"https:\/\/fsyc.org\/coopera\/","name":"Cooperaci\u00f3 i Sensibilitzaci\u00f3. Promovent l\u2019equitat i just\u00edcia global","description":"Des de la Fundaci\u00f3 Salut i Comunitat comptem amb una llarga traject\u00f2ria en l\u2019\u00e0mbit de la Cooperaci\u00f3 Internacional en mat\u00e8ria de viol\u00e8ncies de g\u00e8nere i drets sexuals i reproductius, especialment al continent afric\u00e0. Des d\u2019un enfoc de G\u00e8nere i Drets Humans, assumim un comprom\u00eds amb l\u2019equitat i la just\u00edcia global.","publisher":{"@id":"https:\/\/fsyc.org\/coopera\/#organization"},"potentialAction":[{"@type":"SearchAction","target":{"@type":"EntryPoint","urlTemplate":"https:\/\/fsyc.org\/coopera\/?s={search_term_string}"},"query-input":{"@type":"PropertyValueSpecification","valueRequired":true,"valueName":"search_term_string"}}],"inLanguage":"ca"},{"@type":"Organization","@id":"https:\/\/fsyc.org\/coopera\/#organization","name":"Fundaci\u00f3 Salut i Comunitat","url":"https:\/\/fsyc.org\/coopera\/","logo":{"@type":"ImageObject","inLanguage":"ca","@id":"https:\/\/fsyc.org\/coopera\/#\/schema\/logo\/image\/","url":"https:\/\/fsyc.org\/coopera\/wp-content\/uploads\/2020\/12\/logo-fsc-nweb-cast-01.png","contentUrl":"https:\/\/fsyc.org\/coopera\/wp-content\/uploads\/2020\/12\/logo-fsc-nweb-cast-01.png","width":534,"height":279,"caption":"Fundaci\u00f3 Salut i Comunitat"},"image":{"@id":"https:\/\/fsyc.org\/coopera\/#\/schema\/logo\/image\/"},"sameAs":["https:\/\/www.facebook.com\/fundsalcom","https:\/\/x.com\/fundsalcom","https:\/\/www.instagram.com\/fundsalcom\/","https:\/\/www.linkedin.com\/company\/fundacion-salud-y-comunidad\/","https:\/\/www.youtube.com\/user\/fsyc"]}]}},"_links":{"self":[{"href":"https:\/\/fsyc.org\/coopera\/wp-json\/wp\/v2\/pages\/15"}],"collection":[{"href":"https:\/\/fsyc.org\/coopera\/wp-json\/wp\/v2\/pages"}],"about":[{"href":"https:\/\/fsyc.org\/coopera\/wp-json\/wp\/v2\/types\/page"}],"author":[{"embeddable":true,"href":"https:\/\/fsyc.org\/coopera\/wp-json\/wp\/v2\/users\/1"}],"replies":[{"embeddable":true,"href":"https:\/\/fsyc.org\/coopera\/wp-json\/wp\/v2\/comments?post=15"}],"version-history":[{"count":15,"href":"https:\/\/fsyc.org\/coopera\/wp-json\/wp\/v2\/pages\/15\/revisions"}],"predecessor-version":[{"id":134,"href":"https:\/\/fsyc.org\/coopera\/wp-json\/wp\/v2\/pages\/15\/revisions\/134"}],"wp:attachment":[{"href":"https:\/\/fsyc.org\/coopera\/wp-json\/wp\/v2\/media?parent=15"}],"curies":[{"name":"wp","href":"https:\/\/api.w.org\/{rel}","templated":true}]}}